{"id":387,"date":"2015-06-23T16:35:40","date_gmt":"2015-06-23T16:35:40","guid":{"rendered":"http:\/\/www.hotelleriedemonaco.info\/wp\/?page_id=387"},"modified":"2025-11-27T19:44:35","modified_gmt":"2025-11-27T18:44:35","slug":"retraite","status":"publish","type":"page","link":"https:\/\/hotelleriedemonaco.com\/?page_id=387","title":{"rendered":"Retraite"},"content":{"rendered":"<p style=\"text-align: center;\"><span style=\"color: #333333; line-height: 115%; font-family: 'Helvetica','sans-serif'; font-size: 16pt;\">Valeur point retraite = <strong>21,92 \u20ac<\/strong> au 1\/10\/2025<\/span><\/p>\n<p style=\"text-align: center;\">La valeur annuelle du salaire de base, fix\u00e9e par Arr\u00eat\u00e9 Minist\u00e9riel, est de :\u00a0 \u00a0 \u00a0 \u00a0 \u00a0 \u00a0 \u00a0 \u00a0 <strong>1 528,00 \u20ac<\/strong> au 1 octobre 2025.<\/p>\n<p style=\"text-align: center;\"><strong><a href=\"https:\/\/www.caisses-sociales.mc\/accueil\/salarie\/salarie\/retraite-car\/pension-directe\">Calcul du montant de votre retraite<\/a><\/strong><\/p>\n<p>Comment le r\u00e9gime de retraite fonctionne \u00e0 Monaco:<\/p>\n<p style=\"text-align: center;\"><strong>Calcul de la pension de retraite<\/strong><\/p>\n<p>Le r\u00e9gime de retraite mon\u00e9gasque est bas\u00e9 sur un syst\u00e8me de r\u00e9partition par points et se calcule en appliquant les formules suivantes :<\/p>\n<p><strong>Nombre de points acquis au cours d\u2019une ann\u00e9e = montant des salaires bruts\/salaire de base fix\u00e9<\/strong><\/p>\n<p>Le r\u00e9sultat est plafonn\u00e9 \u00e0 4 points par mois.<\/p>\n<p><strong>Montant de la pension mensuel = Nombre total de points cumul\u00e9s au cours de la carri\u00e8re x valeur du point\/12<\/strong><\/p>\n<p>Les travailleurs peuvent obtenir des points sur la base d\u2019un salaire reconstitu\u00e9 pour les p\u00e9riodes d\u2019interruption de travail indemnis\u00e9es en cas de maladie, d\u2019accident, de maternit\u00e9 ou encore de ch\u00f4mage, suivies d\u2019une activit\u00e9 aupr\u00e8s d\u2019une entreprise affili\u00e9e \u00e0 la caisse autonome de retraite.<\/p>\n<p style=\"text-align: center;\"><strong>Comment fonctionne le r\u00e9gime de retraite \u00e0 Monaco:<\/strong><\/p>\n<p>L\u2019Union des syndicats de Monaco (USM) et la F\u00e9d\u00e9ration des entreprises mon\u00e9gasque (FEDEM) \u00a0g\u00e8rent les caisses de retraite, \u00e0 savoir la caisse autonome de retraite (CAR) et la caisse retraite compl\u00e9mentaire (CMRC).<\/p>\n<h3 style=\"text-align: center;\"><strong>Retraite compl\u00e9mentaire des salari\u00e9s des entreprises mon\u00e9gasques:<\/strong><\/h3>\n<p>Depuis le 1er Janvier 2024, Monaco dispose d&rsquo;un r\u00e9gime de retraite compl\u00e9mentaire.<\/p>\n<p><a href=\"https:\/\/www.info-retraite.mc\/\">https:\/\/www.info-retraite.mc\/<\/a><\/p>\n<p>Sa gestion sera tripartite comme le r\u00e9gime de base (CAR), par des conseils d&rsquo;administration constitu\u00e9s de repr\u00e9sentants des salari\u00e9s, des employeurs et du Gouvernement.<\/p>\n<p>Elle concerne principalement les salari\u00e9s du secteur priv\u00e9 :<\/p>\n<ul>\n<li>qui travaillent ou ont travaill\u00e9 \u00e0 Monaco,<\/li>\n<\/ul>\n<ul>\n<li>ayant travaill\u00e9 \u00e0 Monaco et qui vont prendre leur retraite \u00e0 partir du 1<sup>er<\/sup>\u00a0janvier 2024.<\/li>\n<\/ul>\n<p>La CMRC a repris la gestion de toutes les p\u00e9riodes d\u2019activit\u00e9 \u00e0 Monaco des salari\u00e9s du secteur priv\u00e9 travaillant ou ayant travaill\u00e9 \u00e0 Monaco et n\u2019ayant pas encore fait valoir leurs droits \u00e0 retraite aupr\u00e8s de l\u2019Agirc-Arrco.<\/p>\n<p>Si vous avez effectu\u00e9 une carri\u00e8re mixte, vos p\u00e9riodes d\u2019activit\u00e9 en France resteront g\u00e9r\u00e9es par l\u2019Agirc-Arrco.<\/p>\n<p>De la m\u00eame mani\u00e8re que vous aviez un compteur de points de retraite, g\u00e9r\u00e9 par l\u2019Agirc-Arcco, vous aurez un compte de points g\u00e9r\u00e9 par la CMRC.<\/p>\n<p>L\u2019ensemble de vos points ont \u00e9t\u00e9 transf\u00e9r\u00e9s \u00e0 la CMRC au 1er janvier 2024.\u00a0 Le transfert des points s\u2019\u00e9tablit selon une r\u00e8gle simple :<\/p>\n<p style=\"text-align: center;\"><strong>Point CMRC ( oct 2025):<\/strong><\/p>\n<h1 style=\"text-align: center;\"><strong> 1,5783 \u20ac.<\/strong><\/h1>\n<p>Vous conservez un service de proximit\u00e9 avec un point de contact local, et un acc\u00e8s \u00e0 l\u2019ensemble de vos informations personnelles concernant votre retraite.<\/p>\n<p style=\"text-align: center;\"><strong>\u00c2ge de d\u00e9part \u00e0 la retraite<\/strong><\/p>\n<p>L\u2019\u00e2ge de d\u00e9part \u00e0 la retraite est fix\u00e9 \u00e0 65 ans. Il est possible de faire une demande d\u00e8s 60 ans sous certaines conditions.<\/p>\n<p style=\"text-align: center;\"><strong><em>Conditions de d\u00e9part en retraite avant l\u2019\u00e2ge l\u00e9gal<\/em><\/strong><\/p>\n<p>S\u2019il d\u00e9sire partir \u00e0 la retraite avant l\u2019\u00e2ge l\u00e9gal, l\u2019assur\u00e9 :<\/p>\n<ul>\n<li>Doit quitter tous ses emplois ;<\/li>\n<li>Ne doit exercer qu\u2019une activit\u00e9 \u00e0 temps partiel ;<\/li>\n<li>Ne doit plus toucher d\u2019indemnit\u00e9s vers\u00e9es par l\u2019assurance sociale, l\u2019assurance maladie ou l\u2019assurance accident du travail.<\/li>\n<\/ul>\n<p>S\u2019il d\u00e9cide de poursuivre une activit\u00e9 apr\u00e8s 65 ans, il peut travailler jusqu\u2019\u00e0 70 ans pour obtenir une majoration de 1,50 % du nombre de points acquis pendant sa carri\u00e8re pour chaque trimestre d\u2019activit\u00e9. La majoration est plafonn\u00e9e \u00e0 30 %.<\/p>\n<p>Les femmes sont soumises \u00e0 une autre r\u00e9glementation. Elles peuvent partir \u00e0 la retraite \u00e0 55 ans \u00e0 condition qu\u2019elles ne travaillent plus, qu\u2019elles ne touchent pas d\u2019indemnit\u00e9s de remplacement, et si elles ont 3 enfants pendant 8 ans avant leur 16e anniversaire.<\/p>\n<p><strong>Les pensions de survivants pour les conjoints et les orphelins<\/strong><\/p>\n<p>En cas de d\u00e9c\u00e8s de l\u2019assur\u00e9, ses enfants et son conjoint peuvent toucher une pension de survivants si sa dur\u00e9e d\u2019activit\u00e9 est suffisante pour recevoir une pension de vieillesse. Le montant est \u00e9gal \u00e0 60 % de la retraite per\u00e7ue ou que le d\u00e9funt aurait pu toucher. Le remariage et le concubinage du conjoint survivant annulent le droit \u00e0 cette pension.<\/p>\n<p><span style=\"color: #000000; font-family: Calibri;\">\u00a0<\/span><\/p>\n","protected":false},"excerpt":{"rendered":"<p>Valeur point retraite = 21,92 \u20ac au 1\/10\/2025 La valeur annuelle du salaire de base, fix\u00e9e par Arr\u00eat\u00e9 Minist\u00e9riel, est de :\u00a0 \u00a0 \u00a0 \u00a0 \u00a0 \u00a0 \u00a0 \u00a0 1 528,00 \u20ac au 1 octobre 2025. Calcul du montant de votre retraite Comment le r\u00e9gime de retraite fonctionne \u00e0 Monaco: Calcul de la pension de [&hellip;]<\/p>\n","protected":false},"author":1,"featured_media":0,"parent":0,"menu_order":0,"comment_status":"closed","ping_status":"closed","template":"","meta":{"footnotes":""},"class_list":["post-387","page","type-page","status-publish","hentry"],"_links":{"self":[{"href":"https:\/\/hotelleriedemonaco.com\/index.php?rest_route=\/wp\/v2\/pages\/387","targetHints":{"allow":["GET"]}}],"collection":[{"href":"https:\/\/hotelleriedemonaco.com\/index.php?rest_route=\/wp\/v2\/pages"}],"about":[{"href":"https:\/\/hotelleriedemonaco.com\/index.php?rest_route=\/wp\/v2\/types\/page"}],"author":[{"embeddable":true,"href":"https:\/\/hotelleriedemonaco.com\/index.php?rest_route=\/wp\/v2\/users\/1"}],"replies":[{"embeddable":true,"href":"https:\/\/hotelleriedemonaco.com\/index.php?rest_route=%2Fwp%2Fv2%2Fcomments&post=387"}],"version-history":[{"count":3,"href":"https:\/\/hotelleriedemonaco.com\/index.php?rest_route=\/wp\/v2\/pages\/387\/revisions"}],"predecessor-version":[{"id":1174,"href":"https:\/\/hotelleriedemonaco.com\/index.php?rest_route=\/wp\/v2\/pages\/387\/revisions\/1174"}],"wp:attachment":[{"href":"https:\/\/hotelleriedemonaco.com\/index.php?rest_route=%2Fwp%2Fv2%2Fmedia&parent=387"}],"curies":[{"name":"wp","href":"https:\/\/api.w.org\/{rel}","templated":true}]}}