{"id":569,"date":"2012-12-28T18:29:38","date_gmt":"2012-12-28T18:29:38","guid":{"rendered":"http:\/\/www.hotelleriedemonaco.info\/wp\/?page_id=2"},"modified":"2026-02-10T10:57:35","modified_gmt":"2026-02-10T09:57:35","slug":"sample-page","status":"publish","type":"page","link":"https:\/\/hotelleriedemonaco.com\/?page_id=569","title":{"rendered":"Cotisation \/ Adh\u00e9sion"},"content":{"rendered":"\n<figure class=\"wp-block-image size-large\"><img loading=\"lazy\" decoding=\"async\" width=\"1024\" height=\"575\" src=\"https:\/\/hotelleriedemonaco.com\/wp-content\/uploads\/2024\/03\/Capturead-1024x575.png\" alt=\"\" class=\"wp-image-1090\" srcset=\"https:\/\/hotelleriedemonaco.com\/wp-content\/uploads\/2024\/03\/Capturead-1024x575.png 1024w, https:\/\/hotelleriedemonaco.com\/wp-content\/uploads\/2024\/03\/Capturead-300x169.png 300w, https:\/\/hotelleriedemonaco.com\/wp-content\/uploads\/2024\/03\/Capturead-768x432.png 768w, https:\/\/hotelleriedemonaco.com\/wp-content\/uploads\/2024\/03\/Capturead-900x506.png 900w, https:\/\/hotelleriedemonaco.com\/wp-content\/uploads\/2024\/03\/Capturead-1280x719.png 1280w, https:\/\/hotelleriedemonaco.com\/wp-content\/uploads\/2024\/03\/Capturead.png 1372w\" sizes=\"auto, (max-width: 1024px) 100vw, 1024px\" \/><\/figure>\n\n\n<figure class=\"wp-block-table\">\n<table>\n<tbody>\n<tr>\n<td colspan=\"4\">\n<div align=\"center\">\n<figure><img decoding=\"async\" src=\"http:\/\/www.hotelleriedemonaco.info\/images\/logo%20cuisinier%20chef.jpg\" alt=\"\" \/><\/figure>\n<p><strong>Cotisations cuisiniers &amp; p\u00e2tissiers :<\/strong><\/p>\n<p><strong>L&rsquo;Assembl\u00e9e G\u00e9n\u00e9rale a d\u00e9fini le prix de<br \/>la cotisation syndicale pour l&rsquo;ann\u00e9e 2026<\/strong><\/p>\n<h1>La cotisation syndicale est d\u00e9ductible<\/h1>\n<h1>pour 66 % des imp\u00f4ts.<\/h1>\n<p>(Diminuez vos imp\u00f4ts de 174,13\u20ac )<\/p>\n<p>(Apr\u00e8s imp\u00f4t pour une adh\u00e9sion standard)<\/p>\n<p><strong>7,47 \u20ac \/ MOIS<\/strong><\/p>\n<p><strong>Prix de l&rsquo;adh\u00e9sion:<\/strong><\/p>\n<table style=\"height: 106px;\" border=\"1\" width=\"608\">\n<tbody>\n<tr>\n<td>\u00a0<\/td>\n<td>\n<div align=\"center\">Pour les cuisiniers, P\u00e2tissiers<\/div>\n<\/td>\n<td>\n<div align=\"center\">Tabliers Bleus \/ sans emploi<\/div>\n<\/td>\n<\/tr>\n<tr>\n<td>Annuel<\/td>\n<td>\n<div align=\"center\">263,84 \u20ac<\/div>\n<\/td>\n<td>\n<div align=\"center\">236,83 \u20ac<\/div>\n<\/td>\n<\/tr>\n<tr>\n<td>Mensuel<\/td>\n<td>\n<div align=\"center\">21,98\u00a0 \u20ac<\/div>\n<\/td>\n<td>\n<div align=\"center\">19,73 \u20ac<\/div>\n<\/td>\n<\/tr>\n<tr>\n<td>\u00a0<\/td>\n<td>\u00a0<\/td>\n<td>\u00a0<\/td>\n<\/tr>\n<tr>\n<td>\u00a0<\/td>\n<td>\u00a0<\/td>\n<td>\u00a0<\/td>\n<\/tr>\n<\/tbody>\n<\/table>\n<p><strong>Pour les Saisonniers \/ Extra<\/strong> : 134,41 \u20ac<strong>\u00a0<\/strong><\/p>\n<p><strong>Pour les retrait\u00e9s\u00a0<\/strong>: 106,27 \u20ac<\/p>\n<h1><strong>Adh\u00e9sion en Ligne<\/strong><\/h1>\n<p>Pour cela il suffit aux personnes choisissant ce moyen de paiement de se rendre sur le site:<\/p>\n<h4><a href=\"https:\/\/www.usm.mc\/adhesion-en-prelevem\">http:\/\/www.usm.mc\/adhesion<\/a><\/h4>\n<p>Note : le\u00a0<em><strong>guide juridique et pratique<\/strong><\/em> sur carte USB<\/p>\n<p>est \u00e0 votre disposition \u00e0 l&rsquo;USM (10\u20ac)<\/p>\n<h1>Bulletin d&rsquo;Adh\u00e9sion Cuisiniers.<\/h1>\n<h1>\u00a0<\/h1>\n<\/div>\n<\/td>\n<\/tr>\n<\/tbody>\n<\/table>\n<\/figure>","protected":false},"excerpt":{"rendered":"<p>Cotisations cuisiniers &amp; p\u00e2tissiers : L&rsquo;Assembl\u00e9e G\u00e9n\u00e9rale a d\u00e9fini le prix dela cotisation syndicale pour l&rsquo;ann\u00e9e 2026 La cotisation syndicale est d\u00e9ductible pour 66 % des imp\u00f4ts. (Diminuez vos imp\u00f4ts de 174,13\u20ac ) (Apr\u00e8s imp\u00f4t pour une adh\u00e9sion standard) 7,47 \u20ac \/ MOIS Prix de l&rsquo;adh\u00e9sion: \u00a0 Pour les cuisiniers, P\u00e2tissiers Tabliers Bleus \/ sans [&hellip;]<\/p>\n","protected":false},"author":1,"featured_media":0,"parent":0,"menu_order":0,"comment_status":"open","ping_status":"closed","template":"","meta":{"footnotes":""},"class_list":["post-569","page","type-page","status-publish","hentry"],"_links":{"self":[{"href":"https:\/\/hotelleriedemonaco.com\/index.php?rest_route=\/wp\/v2\/pages\/569","targetHints":{"allow":["GET"]}}],"collection":[{"href":"https:\/\/hotelleriedemonaco.com\/index.php?rest_route=\/wp\/v2\/pages"}],"about":[{"href":"https:\/\/hotelleriedemonaco.com\/index.php?rest_route=\/wp\/v2\/types\/page"}],"author":[{"embeddable":true,"href":"https:\/\/hotelleriedemonaco.com\/index.php?rest_route=\/wp\/v2\/users\/1"}],"replies":[{"embeddable":true,"href":"https:\/\/hotelleriedemonaco.com\/index.php?rest_route=%2Fwp%2Fv2%2Fcomments&post=569"}],"version-history":[{"count":7,"href":"https:\/\/hotelleriedemonaco.com\/index.php?rest_route=\/wp\/v2\/pages\/569\/revisions"}],"predecessor-version":[{"id":1190,"href":"https:\/\/hotelleriedemonaco.com\/index.php?rest_route=\/wp\/v2\/pages\/569\/revisions\/1190"}],"wp:attachment":[{"href":"https:\/\/hotelleriedemonaco.com\/index.php?rest_route=%2Fwp%2Fv2%2Fmedia&parent=569"}],"curies":[{"name":"wp","href":"https:\/\/api.w.org\/{rel}","templated":true}]}}